e the highest common factor of 2724 and 588.
12
What is the greatest common factor of 36 and 366440?
4
Calculate the highest common divisor of 978 and 229341.
489
What is the highest common divisor of 39 and 137553?
39
What is the greatest common divisor of 536653 and 26?
13
Calculate the greatest common factor of 473436 and 14.
2
Calculate the highest common factor of 27989 and 1534.
13
What is the highest common divisor of 2322 and 234?
18
Calculate the greatest common divisor of 80 and 2768.
16
What is the greatest common divisor of 1098 and 595482?
366
What is the greatest common factor of 121740 and 15?
15
What is the greatest common factor of 39 and 248573?
13
Calculate the highest common divisor of 4131 and 121329.
153
What is the greatest common divisor of 17095 and 26?
13
Calculate the greatest common divisor of 159 and 289698.
159
What is the greatest common divisor of 36450 and 8310?
30
Calculate the greatest common divisor of 4012 and 745229.
1003
Calculate the highest common factor of 438289 and 545.
109
Calculate the greatest common factor of 10656 and 79254.
666
Calculate the highest common factor of 50 and 22700.
50
Calculate the highest common factor of 142 and 20803.
71
Calculate the greatest common divisor of 105 and 770.
35
What is the greatest common divisor of 44 and 2090924?
44
What is the greatest common divisor of 43 and 126721?
43
Calculate the greatest common factor of 1313 and 8181.
101
What is the highest common divisor of 168 and 54852?
84
Calculate the highest common divisor of 637 and 5460.
91
Calculate the highest common factor of 1396 and 4375413.
349
What is the greatest common factor of 2977 and 7099?
229
Calculate the highest common factor of 6372 and 96741.
27
Calculate the highest common divisor of 2822 and 4316.
166
What is the highest common divisor of 26643 and 749?
107
Calculate the highest common factor of 49 and 1272187.
49
Calculate the highest common divisor of 349480 and 10.
10
Calculate the highest common factor of 13 and 6573775.
13
Calculate the greatest common divisor of 13670 and 1970.
10
What is the greatest common factor of 928 and 236872?
232
What is the highest common divisor of 459 and 60282?
153
Calculate the greatest common divisor of 7820 and 8580.
20
What is the highest common factor of 770 and 8540?
70
What is the highest common factor of 7775 and 25?
25
What is the greatest common factor of 3654 and 266568?
174
What is the highest common divisor of 5624 and 925?
37
What is the greatest common factor of 70 and 34970?
10
What is the greatest common factor of 2475 and 37455?
165
What is the greatest common divisor of 5800 and 20445?
145
What is the greatest common divisor of 41538 and 36?
6
What is the greatest common divisor of 8122 and 1178?
62
Calculate the highest common factor of 24829 and 49.
7
Calculate the greatest common factor of 4700 and 9.
1
What is the highest common divisor of 5374188 and 57?
57
What is the highest common divisor of 42 and 549696?
42
What is the greatest common divisor of 838 and 7998710?
838
Calculate the greatest common factor of 1170 and 63630.
90
Calculate the highest common factor of 3221083 and 939.
313
Calculate the highest common divisor of 767 and 161188.
59
What is the highest common factor of 574 and 133168?
574
What is the highest common factor of 951677 and 333?
37
Calculate the greatest common factor of 24786 and 37774.
34
What is the greatest common factor of 181840 and 500?
20
What is the highest common divisor of 49168 and 196?
28
What is the highest common divisor of 6698 and 1462?
34
Calculate the highest common divisor of 101 and 139481.
101
What is the highest common divisor of 122319 and 9?
9
What is the greatest common factor of 182682 and 136?
34
What is the greatest common factor of 40 and 775?
5
Calculate the greatest common divisor of 1296 and 16.
16
What is the highest common divisor of 4624 and 3757?
289
Calculate the greatest common factor of 4788 and 5396.
76
What is the highest common divisor of 2421120 and 1014?
78
What is the greatest common factor of 5047 and 98?
49
Calculate the greatest common factor of 90435 and 180.
15
Calculate the highest common divisor of 455 and 87815.
455
Calculate the greatest common divisor of 176 and 453024.
176
Calculate the highest common divisor of 325485 and 10.
5
Calculate the highest common factor of 216008 and 26.
26
Calculate the greatest common factor of 589 and 599819.
31
Calculate the highest common divisor of 14058 and 4950.
198
Calculate the highest common divisor of 58 and 80736.
58
What is the highest common divisor of 707 and 95647?
101
Calculate the highest common divisor of 1872 and 9776.
208
What is the greatest common factor of 1143 and 1757553?
381
Calculate the highest common divisor of 74 and 307359.
37
What is the greatest common divisor of 310 and 203422?
62
Calculate the greatest common divisor of 22250 and 14.
2
Calculate the highest common factor of 167894 and 13.
1
What is the highest common divisor of 126 and 20454?
42
Calculate the highest common factor of 247 and 304.
19
Calculate the greatest common divisor of 2417525 and 550.
275
Calculate the greatest common divisor of 51835 and 630.
35
Calculate the highest common factor of 39496 and 24.
8
Calculate the greatest common factor of 5219 and 2380.
17
Calculate the highest common divisor of 87722 and 3542.
46
Calculate the greatest common factor of 141 and 33663.
3
Calculate the greatest common divisor of 143 and 20603.
11
What is the greatest common factor of 49788 and 108?
108
What is the greatest common divisor of 3330856 and 3490?
698
Calculate the highest common factor of 2136 and 59096.
712
Calculate the greatest common factor of 2024 and 1474.
22
What is the highest common factor of 1 and 283?
1
What is the highest common divisor of 3523218 and 618?
618
What is the highest common factor of 96008 and 11?
11
Calculate the highest common divisor of 22 and 292006.
22
Calculate the greatest common factor of 30240 and 980.
140
What is the highest common factor of 57 and 1251948?
57
What is the greatest common factor of 4346 and 656?
82
Calculate the highest common divisor of 2091 and 7749.
123
Calculate the highest common divisor of 1776186 and 36.
18
Calculate the highest common factor of 280 and 12488.
56
What is the highest common divisor of 432 and 69312?
48
What is the greatest common factor of 477 and 31906?
53
Calculate the greatest common factor of 2727 and 626301.
909
What is the highest common divisor of 288 and 40428?
36
Calculate the highest common factor of 85110 and 40.
10
What is the greatest common divisor of 35 and 110995?
5
What is the highest common factor of 155 and 7555?
5
What is the highest common divisor of 8 and 173200?
8
Calculate the greatest common factor of 19397 and 603589.
1141
Calculate the highest common factor of 25 and 42425.
25
What is the highest common divisor of 650 and 442?
26
What is the highest common divisor of 2448 and 32096?
272
Calculate the greatest common factor of 1173 and 13107.
51
What is the highest common divisor of 149120 and 5760?
640
Calculate the greatest common factor of 2345 and 420.
35
What is the highest common factor of 592 and 27528?
296
What is the highest common divisor of 5157 and 1296?
27
What is the highest common factor of 201 and 2297564?
67
What is the highest common factor of 2805 and 6222?
51
Calculate the greatest common divisor of 105 and 49644.
21
Calculate the greatest common divisor of 71781 and 213.
213
Calculate the greatest common factor of 38644 and 2.
2
Calculate the highest common divisor of 25 and 297650.
25
What is the highest common divisor of 81288 and 108?
36
Calculate the highest common divisor of 3360 and 52192.
224
What is the highest common divisor of 21195 and 165?
15
What is the highest common factor of 364881 and 33?
33
Calculate the greatest common divisor of 29373 and 6.
3
Calculate the highest common factor of 160 and 7376.
16
Calculate the greatest common divisor of 198 and 129294.
198
Calculate the highest common factor of 288 and 929376.
288
What is the highest common divisor of 741 and 3786016?
247
Calculate the greatest common divisor of 28832 and 155873.
901
What is the highest common factor of 44674 